. Let j(l) = -3. Let g(q) = -j(q) - 2*x(q). Let i(v) = -5*v + 5. Suppose -5*z - 35 = -0. Let k(t) = z*g(t) + 3*i(t). Determine k(-7).
1
Let g(l) = -l**2 + 7*l + 10. Suppose 0 = c + 13 - 20. Give g(c).
10
Let i(r) = r + 12. Suppose -l - 75 = -77. Suppose -3*u - 1 = -4*o - 4, o - l = -2*u. What is i(o)?
12
Let d(i) be the second derivative of -i**4/4 - i**3/6 - 3*i**2 - 5*i. Let v(m) be the first derivative of d(m). Determine v(-2).
11
Suppose 4*w - 16 = -j, 4*w - 40*j + 39*j - 16 = 0. Let h(r) = 10*r - 34. Determine h(w).
6
Let n(b) = -5*b**3 + 26*b**2 + 7*b - 6. Suppose 0 = -10*i - 13 - 17. Let s(d) = 2*d**3 - 9*d**2 - 2*d + 2. Let r(t) = i*n(t) - 8*s(t). Determine r(-4).
-10
Let m(z) = 2*z - 3. Let n(t) = -1. Let p(i) = -m(i) + 6*n(i). Let j be (12/8 - 0)*2. Suppose -j*c + b - 3 = 4*b, 5*b = -3*c + 7. Calculate p(c).
9
Suppose p - n - 16 = 4*n, -2*p - 5*n = 13. Let j be 30/6 - (p + -2). Let f(g) be the third derivative of -g**4/24 + g**3/6 - 3*g**2. Determine f(j).
-5
Let l = -3 + 7. Let p(t) be the third derivative of 0 - 3*t**2 + 1/2*t**3 - 1/60*t**5 + 5/24*t**4 + 0*t. Determine p(l).
7
Let c(r) = 3*r + 2. Let a be c(6). Suppose 8*b + a = 12*b. Let f(x) = -3*x. Give f(b).
-15
Let w(f) = 7 + 7 - f - 21. Determine w(-2).
-5
Let r(z) = -z**2 + 2*z - 2. Suppose 7 = -30*o - 83. Determine r(o).
-17
Suppose k - 16 = 5*k. Let w be (-2)/k - 13/(-26). Let q(z) = 8*z - 6 + 13 - w - 4. Calculate q(-2).
-14
Let q(a) be the first derivative of a**2/2 + 6*a - 37. Calculate q(-5).
1
Let f(w) = -w**3 - 3*w**2 - 5*w - 3. Suppose -54 - 63 = 39*s. Calculate f(s).
12
Let s be (0 - 4/12)*-6. Suppose -s*w - 5 = -21. Let d = 7 - w. Let t(p) = 10*p**3 - 2*p**2 - 2*p - 1. What is t(d)?
-11
Let x(a) = 2707 - 1349 - 1356 + a. What is x(3)?
5
Suppose 4*r - 16 = 20. Suppose 3*z = 2*z - 2*h - 5, -3*h - r = 3*z. Let k(d) be the first derivative of 13*d**4/4 + d**3/3 - d**2/2 - d - 12. Calculate k(z).
-12
Let b(q) = -2*q + 3. Let j(c) = -6*c + 151. Let m be j(24). Calculate b(m).
-11
Let q(h) = -3*h**2 + 1. Let n be (-4*4/16)/(1/(-4)). Suppose -5*o + n = -2*s, -s - 4*s + 4*o = 10. Determine q(s).
-11
Let h(t) be the third derivative of 0*t**3 + 0 - 9*t**2 - 1/24*t**4 + 0*t. Let s(b) = -6*b - 9. Let w(p) = -3*h(p) + s(p). What is w(-6)?
9
Suppose 2*z = -2*z + 20. Let u(v) = 227 - 227 + v. Determine u(z).
5
Let z be (-6)/(-12) - (-780)/8. Let y(b) = z - b**2 - 5*b - 101 - 2*b. What is y(-7)?
-3
Let f = 13 - 33. Let d = 20 + f. Let r(i) = i**3 - i**2 + i + 3. Let z be r(d). Let l(w) = -w**2 - 2*w + 4. Determine l(z).
-11
Suppose 0 = -m - 4, f - 21 = 4*m. Suppose 0 = -5*s - 4*p - 10, -3*s - f*p - 29 = -10. Let q(l) = -7*l + 3. Give q(s).
-11
Let x(c) be the third derivative of -1/4*c**4 + 16*c**2 + 0*c + 0 + 0*c**3. Determine x(-3).
18
Suppose 7 - 1 = 3*b. Suppose -5*y + 3 = -b*y. Let h(u) be the second derivative of 7*u**4/12 - u**3/3 + u**2/2 + 14*u. Determine h(y).
6
Suppose 6*g = 14*g + 32. Let h(n) = -n**3 - 4*n**2 - 2*n - 6. What is h(g)?
2
Let t(g) = 4*g**3 - g**2 + 2*g - 4. Let q(w) = -7*w**3 + 2*w**2 - 4*w + 8. Let b(r) = 3*q(r) + 5*t(r). Give b(0).
4
Let q(p) = p**2 + 14*p - 2. Let s be 69/(-92) - (-45)/(-4). Determine q(s).
-26
Suppose 0 = -2*v - 2 + 4. Let x(p) = -3*p**2 - 2*p + 5. Let l(i) = 17*i**2 + 11*i - 27. Let d(c) = 2*l(c) + 11*x(c). Determine d(v).
2
Let x(q) = q**3 + 6*q**2 - 7*q. Let a be x(-5). Let k be (a/(-9))/((-6)/(-45)). Let z be (-2)/12 + k/(-12). Let b(v) = v**2 - 2*v. What is b(z)?
8
Let u(o) = o - 4. Suppose 6*p = 63 + 27. Let t = -9 + p. Determine u(t).
2
Let s(i) = 17*i. Suppose v = -3*f + 25 - 20, -4*v + 4*f = 12. Calculate s(v).
-17
Let l(h) be the third derivative of -h**6/120 - h**5/20 + 5*h**4/24 + h**3 - 74*h**2. Calculate l(-4).
2
Let p(t) = -6174 - 7*t**2 + 6173 - 5*t**2. What is p(-1)?
-13
Let j(z) = z**2 - 8*z + 6. Let x = 14 + -14. Suppose 3*c - 4*c - 2*r + 3 = x, 0 = r. Suppose c*i - 35 = -2*i. What is j(i)?
-1
Suppose 3*m - 2*m + m = 0. Suppose 5*j + 21 + 4 = m, -2*n - 3*j = 11. Let l(q) = q + 2. Give l(n).
4
Let q(b) be the second derivative of -b**5/20 + b**4/2 - b**3/2 - 2*b**2 - b + 1. What is q(5)?
6
Let y(b) = b**3 + 4*b**2 + 3*b + 2. Let t(z) = -z. Let f(v) = 9*v + 10. Let p(d) = 3*f(d) + 24*t(d). Let j be p(-11). Calculate y(j).
2
Let m(x) = 2*x**2 + 3*x + 1. Suppose -16*q + 22 = -5*q. Let t(d) = 3*d**2 - 7*d - 1. Let l be t(q). Give m(l).
10
Suppose -4*q + 31 - 3 = 0. Let c(x) = 31*x + 16. Let u(g) = -85*g - 46. Let j(v) = -11*c(v) - 4*u(v). Determine j(q).
1
Suppose 3*c + 4*f + 30 = 5*c, 2*c + 4*f = -10. Suppose -c*h = 4 + 11. Let a(y) = -3 + 3*y**2 + y**3 + 6 + 2*y**2 - 3*y**2. Determine a(h).
-6
Let s be (-30)/(-15) - 0/2. Suppose 0 = 4*v + 3*n + 6 + 20, -3*n = -s*v - 22. Let h = v - -11. Let g(y) = -4*y + 1. Give g(h).
-11
Let u(a) be the second derivative of a**8/960 - a**6/720 - a**4/3 - 12*a. Let y(x) be the third derivative of u(x). Determine y(-1).
-6
Let x(g) be the second derivative of -g**3 - 21*g**2/2 + 3*g - 40. Calculate x(-3).
-3
Let x(p) be the first derivative of -2*p**2 + 18*p - 491. Calculate x(7).
-10
Let f(j) be the first derivative of j**3/3 - 11*j**2/2 + 16*j - 564. What is f(7)?
-12
Suppose 23*c - 12*c = 0. Let m(x) be the second derivative of x**3/6 + 5*x**2/2 + 4*x. Give m(c).
5
Let z(g) = g**2 - 7*g - 4. Suppose -50 = 5*v - 3*i - 216, 6 = 2*i. Suppose -9*q + 4*q = -v. Determine z(q).
-4
Let g(s) = s**2 + 12*s + 11. Suppose k + 2*c = 3*c - 6, -5*c = 10. Determine g(k).
-21
Let q(y) be the first derivative of -y**3/3 - 5*y**2 - 6*y - 86. What is q(-9)?
3
Suppose -5*u + 34 = -k, -2*u - 8 = -4*u - k. Let j(b) = -11*b - 51. Let a(l) = -3*l - 15. Let i(v) = -14*a(v) + 4*j(v). What is i(u)?
-6
Let g(y) = y + 3*y**2 - y**2 + 1 - 7*y. Let u(s) = -s**3 + 10*s**2 - 11*s - 36. Let h be u(8). What is g(h)?
9
Let m(i) = 6*i - 3. Let h(r) = -17*r + 9. Let l(v) = 4*h(v) + 11*m(v). Let p be (-34)/9 - 22/99. Determine l(p).
11
Let i(m) = m**2 + 8*m + 15. Let b = -22 + 16. Let a be i(b). Let y(h) = 0*h**2 + 2*h**a - 2*h**2 - 3 - h**3 - 2*h**3. Determine y(-3).
6
Let o = -1610 + 1623. Let k(h) = h**2 - 16*h + 16. Give k(o).
-23
Let m = -20 + 24. Suppose -m*k = -9*k. Let b(x) = x**3 - x**2 - x - 1. Calculate b(k).
-1
Let r be ((-4)/(-10))/(2/10). Let u(s) = s**2 + 1 - 2*s**r + 3*s - 3*s + 7*s**3. Give u(1).
7
Suppose 3*q + 251 = 245. Suppose 2*w + 0*w = 2. Let d(a) = -2 + 0 + 2*a + w. What is d(q)?
-5
Suppose h - 6 = 4*v, 37*v + 2*h - 8 = 41*v. Let r(t) be the third derivative of t**4/6 + t**3/6 - t**2. Determine r(v).
-3
Let u(h) = 9*h - 159. Let c be u(17). Let n(f) = -f**2 - 6*f - 4. What is n(c)?
-4
Suppose 15*g + 192 = 19*g. Let d = 37 - g. Let r(u) = u**3 + 10*u**2 - 12*u - 2. Calculate r(d).
9
Let s(l) = 8*l - 3. Let v(w) = w**3 + 14*w**2 + 25*w + 15. Let y be v(-12). Give s(y).
21
Let g be (-2 + -38)*(-4)/10. Let d = g - 10. Let n(z) = z - 1. Let h(o) = -o + 4. Let s(j) = -h(j) + n(j). Calculate s(d).
7
Let g(u) be the second derivative of 0 + u**3 - u - 7/12*u**4 + 1/20*u**5 + 0*u**2. Suppose 5*c - p = 25, 21 = c - 0*p + 3*p. Give g(c).
0
Let a(j) = j**3 + j. Let q(m) = 2*m**3 + 3*m**2 + 2*m. Let w(s) = -4*a(s) + q(s). Let k be (-18)/(-42) - 11/(-7). Determine w(k).
-8
Suppose -4*x - 4*h + 64 = 0, -x + 20 = -0*h + 2*h. Suppose r = x + 24. Let q be (-23)/7 - r/(-126). Let d(i) = i**3 + 3*i**2 - 3. What is d(q)?
-3
Let y(d) = 5 - 2 + 273*d + d**2 - 4 - 276*d. Give y(5).
9
Suppose 308 = 10*t + 268. Let p(k) = -4*k + 15. Give p(t).
-1
Let a(l) = l**3 + 2*l**2 + 3*l + 1. Suppose -12*k = -7*k - 60. Let w = -7 + k. Suppose -w*h + 15 = 5*u, 2*u - 4*h + 24 = -0*u. What is a(u)?
-5
Let h(q) = q**3 - q + 2*q + 4*q**2 - 3*q - 1. Let y be (3 + -4)/(3/6). Determine h(y).
11
Let w = -5 + 4. Let s be 18/6*(-1)/w. Let t(c) be the second derivative of -c**4/6 + c**3/6 - c**2/2 - 3*c - 11. Determine t(s).
-16
Let n(s) = -31*s**2 + 66*s**2 + 193*s + 4 - 34*s**2 - 201*s. Give n(8).
4
Let n(l) = -l**3 + 3*l**2 + 4*l. Let z(y) = 12*y**3 + y**2 + 14*y**3 - 31*y**3 - 2. Let s be z(-1). What is n(s)?
0
Let v be (-5)/((-5)/(-28))*(-2)/4. Let y(x) = x - 10. Let c be y(v). Let m(t) = t**3 - 3*t**2 - 6*t + 5. Calculate m(c).
-3
Let n(p) be the first derivative of p**4/4 - 4*p**3/3 - 3*p - 6. Suppose 12 = -5*i + 7, 0 = 4*w + 2*i -